 w = 814. Calculate the greatest common factor of 19 and t.
19
Let s be -8 + 0 - 9/(-3). Let f be (-2)/(-6) - 16/12. Let d = f - s. Calculate the highest common divisor of d and 10.
2
Let c = 170 - 44. Let h(w) = -10*w - 2. Let s be h(-2). Suppose 2*v = 4*z - 48, -z - v + 0*v + s = 0. Calculate the highest common divisor of z and c.
14
Let b = 53 + -26. Suppose 26*x - b*x = -19. What is the highest common divisor of 57 and x?
19
Suppose -4*m = 10 - 118. Suppose -78 - m = -q. What is the highest common divisor of 21 and q?
21
Let x = -467 + 468. Calculate the highest common factor of x and 16.
1
Suppose -4*a = 2*w - 64, w - 94 = -5*a - 14. Suppose 8*z - a = 6*z. Let s be (-130)/(-4)*2 + -1. Calculate the greatest common factor of z and s.
8
Let t = -10 + 34. Let z(r) = r**3 + 2*r**2 - 3. Let k be z(-2). Let y be 33/(3/3) - k. Calculate the highest common divisor of t and y.
12
Let f = 31 - 17. Let x(j) = 4*j**2 + 15*j - 2. Let c be x(7). Let l = c - 201. What is the highest common factor of f and l?
14
Let o(m) = m**2 - 3*m + 8. Let v be o(-6). Suppose -v*n + 65*n - 45 = 0. Calculate the highest common divisor of 3 and n.
3
Suppose -3*n + 5*v + 70 = 0, -74 - 88 = -5*n - 3*v. Calculate the greatest common divisor of 405 and n.
15
Let o = 1498 + -537. Calculate the greatest common factor of o and 62.
31
Let t(k) = 499*k - 663. Let h be t(5). What is the highest common factor of 8 and h?
8
Suppose -78 = -4*d - 3*f, -5*f - 9 = 1. Let c(x) = 7*x**3 - x**2 + x. Let z be c(1). What is the highest common divisor of d and z?
7
Suppose -3*h = 3*l - 1413, -5*l = -6*l - 2*h + 474. What is the highest common divisor of l and 52?
52
Let c = 3 + 3. Suppose -s = -c*s + 50. Let w be s + (2 - -1)/3. What is the highest common factor of w and 99?
11
Suppose 2*l - 98 = -5*l. Suppose 180 + 30 = 5*j. What is the highest common factor of l and j?
14
Let g = 10 - 7. Let y(j) = 14*j**2 - 3*j + 3. Let u be y(g). Suppose 3*w = 21 + 51. What is the highest common divisor of u and w?
24
Suppose 0 = h - 4, 5*h + 1 = 3*d - 3. Calculate the greatest common divisor of 512 and d.
8
Suppose -4*m + 2*a = -30, -1 - 5 = 2*a. Let i(r) = r**2 - 4*r - 4. Let t be i(m). Suppose 5*y = 77 + 3. What is the greatest common factor of y and t?
8
Let w(x) = -3*x**2 + 8*x - 7. Let u(z) = z**2 - 1. Let o(m) = 4*u(m) + 2*w(m). Let g be o(6). Calculate the greatest common factor of 66 and g.
6
Let y be 6 - (-6 + 4 + -2)*1. Let s be 1650/y + (-6)/2. What is the highest common factor of 18 and s?
18
Suppose -f + 7*f + 270 = 0. Let x be (210/f)/((-1)/(42/4)). Calculate the highest common factor of x and 7.
7
Suppose -5*w + 4*c + c + 155 = 0, -w = -2*c - 33. Calculate the highest common divisor of 29 and w.
29
Suppose -22*i + 43*i - 63 = 0. Calculate the highest common factor of i and 7.
1
Let p = -324 - -354. What is the highest common factor of p and 480?
30
Let z be -1*3/3*(3 + -13). Suppose 0 = z*n - 4*n - 60. What is the greatest common divisor of 70 and n?
10
Suppose 0 = 17*n - 14*n + r - 465, r - 777 = -5*n. What is the greatest common divisor of n and 12?
12
Suppose 0 = 2*t - 5*l + 19, 4*l = 5*l - 3. Let k(o) = -o**3 - o**2 + 2. Let v be k(t). What is the highest common factor of v and 54?
6
Let d(b) = -b**3 + 8*b**2 - 7*b - 2. Let i be d(6). Let a be ((-72)/(-4))/(i/(-36) - -1). What is the greatest common factor of 9 and a?
9
Let y be (-11 - -6) + 13 + 1. Calculate the greatest common factor of y and 1242.
9
Let s = -4227 + 4319. Let t = -6 - -29. Calculate the greatest common factor of s and t.
23
Let i = -514 - -712. Calculate the highest common divisor of i and 72.
18
Let m(f) = -f**2 - 22*f - 102. Let h be m(-12). What is the greatest common factor of 21 and h?
3
Let b = -205 + 235. What is the highest common factor of 10 and b?
10
Let q = 19 - 16. Suppose 0 = q*b - 5*u + 2*u - 210, -3*b - 2*u = -215. Suppose 0 = 5*g - 191 + b. What is the highest common factor of 192 and g?
24
Let n(q) = 19*q - 5. Let i = -27 + 28. Let a be n(i). Let t be ((-56)/6)/((-2)/21). What is the greatest common divisor of a and t?
14
Suppose -2*j - 5*r = -139, -16*r - 25 = -21*r. What is the highest common divisor of j and 38?
19
Let i be (-21)/5*90/(-27). Calculate the highest common factor of i and 2.
2
Let v(k) = k - 2*k + 18 + 4*k - 4*k. Let n be v(16). Suppose 9 = 3*u, 0 = 2*s - 6*u + n*u - 32. Calculate the greatest common divisor of 110 and s.
22
Suppose 23*m = 12*m + 418. Calculate the greatest common factor of m and 95.
19
Suppose 0 = 6*n - n - 40. Let g = n - 1. Suppose 0 = g*y - 3*y - 32. Calculate the highest common factor of 24 and y.
8
Let c = -18 - -147. Let s = -64 + 97. Suppose -462 = -3*b - 3*g, -c - s = -b - 3*g. Calculate the greatest common divisor of b and 15.
15
Let t(l) = -l**3 - 12*l**2 + 13*l + 2. Let f be t(-13). Let h be -24*(f + (-14)/6). Calculate the highest common factor of 12 and h.
4
Suppose -11*j + 42 = -156. Suppose 5*q - 2*g - 10 = 2*g, -q + 2 = 4*g. Suppose q*m = 7 - 3. What is the greatest common factor of m and j?
2
Let v(p) = 9*p - 13. Let f(o) = -o**2 + o + 6. Let g be f(2). Let c be v(g). Calculate the highest common factor of c and 115.
23
Suppose -3*h - 319 = -2*c, 7*c = 3*c + 4*h + 640. Let n be 44/2 - 1 - -2. What is the highest common divisor of n and c?
23
Suppose 0 = z + 5*s + 12, -5*z = -2*z + 5*s + 6. What is the greatest common factor of z and 11?
1
Let q(n) = -n**3 - 25*n**2 + 34*n + 256. Let g be q(-26). What is the greatest common divisor of 24 and g?
24
Let j be (144/(-15))/((-10)/75). Calculate the greatest common divisor of j and 12.
12
Let w(n) = n**3 + 10*n**2 - 12*n - 9. Let i be w(-11). Suppose -4*m = 12, 0 = i*u + 4*m - 3 - 1. What is the highest common factor of 8 and u?
8
Suppose u = 3*u - 4*i - 2, 7 = 2*u + i. What is the highest common divisor of u and 69?
3
Suppose -c - 136 = -3*c. Let w = -52 + c. Calculate the highest common divisor of 12 and w.
4
Suppose -t = 3*j - 1026, 2*j - 176 = 4*t + 522. Let r = j - 183. What is the highest common divisor of r and 32?
32
Let l(k) = k + 7. Let z be l(10). Suppose -z = -3*y + 4. Let w be 1*(y + (3 - 0)). What is the greatest common factor of 15 and w?
5
Suppose 2 = -3*p + 32. Let z = 156 + -101. Let d be 18/(z/25 - 2). Calculate the greatest common divisor of d and p.
10
Let d = 38 + -10. Suppose 0 = 2*u + d + 18. Let t = -19 - u. Calculate the greatest common divisor of t and 36.
4
Suppose 4*i = -2*h - 3*h - 8, -5*i = h + 10. Suppose h = 8*c - 4*c - 1120. What is the highest common factor of c and 40?
40
Let v = -33 + 29. Let c be 10/(-4) + (-2)/v. Let p be -20*(0 - (c + 4)). What is the greatest common divisor of p and 10?
10
Suppose 2*b - b = 5*m + 10, b - 2 = -3*m. Suppose b*n = 2*n + 51. Suppose 3*o - 4 = n. What is the greatest common factor of o and 35?
7
Let u be (-8)/5*(-15)/6. Let g be 27 + u + -2 + 0. Let k = g + 34. Calculate the greatest common factor of 9 and k.
9
Let i be ((-6)/(-1))/2 - 0. Suppose i*a + a = 56. Calculate the highest common divisor of a and 35.
7
Suppose 60*k = 69*k - 342. Calculate the greatest common divisor of 950 and k.
38
Let g be (1 + 34)/((-2)/(-36)*6). Let z(t) = t**3 - 4*t**2 - 8*t - 3. Let r be z(6). What is the highest common divisor of r and g?
21
Let q = 57 + -37. Calculate the highest common factor of 20 and q.
20
Let w = -4 + 18. Suppose -3*o = u, -3*u + 4*o + o = w. Let g be (3 - 3) + u + 19. Calculate the greatest common factor of 40 and g.
8
Let l(s) = 3*s - 3. Let b be l(-2). Let q be (-2)/b + 75/27. Suppose q*u - 2 - 37 = 0. Calculate the highest common factor of u and 26.
13
Suppose 394 - 94 = -3*n. Let z = n - -236. What is the greatest common factor of z and 17?
17
Let m = -552 - -579. What is the highest common factor of m and 144?
9
Suppose 5*i = -f + 278, -4*f - 278 = -2*i - 1280. What is the greatest common divisor of f and 23?
23
Suppose 5*u + 100 = -30. Let a = u - -45. Let w(t) = 53*t**2 - t - 1. Let l be w(2). Calculate the highest common divisor of a and l.
19
Suppose -3*y - 66 = -318. Suppose u = h - 64, 0*h - y = -h - 4*u. What is the highest common factor of h and 17?
17
Let g(i) = 7*i - 11. Let s be g(9). Let r = 117 - 104. What is the highest common divisor of r and s?
13
Let x(m) = m**2 + 24*m - 317. Let g be x(10). What is the 